Let j be 1*-1 - (o + -16). Suppose 4 - j = -3*k - q, 3 = -4*k + 5*q. What are the prime factors of k?
3
Suppose 4 = -2*l - 4*o, -5*l = -o - 3*o - 32. Suppose -5*r + 5*u + 33 = -12, u = -l*r + 61. What are the prime factors of r?
2, 7
Suppose 3*w - 72 = 234. Suppose -w = -3*o + o. List the prime factors of o.
3, 17
Let q = -18 - -21. What are the prime factors of q?
3
Let k = -154 - -231. What are the prime factors of k?
7, 11
Let i = 80 - 55. What are the prime factors of i?
5
Suppose -2*t = -4*p + 302, 4*p - 224 - 73 = t. List the prime factors of p.
73
Suppose -4*u + 234 = 2*u. Let v be (4/(-5))/((-3)/15). Suppose 4*p - 5*h = 43, -u = -7*p + v*p - 3*h. List the prime factors of p.
2, 3
Let z be (5 + -1)/(-4) - -1. Suppose z = 4*s - 3*d - 4 - 123, s - 23 = -d. What are the prime factors of s?
2, 7
Let m be -3 - 8/(-1) - 0. Let f(k) = k**2 - 5*k + 4. Let x be f(m). Suppose -x*b + 26 = -2*b. List the prime factors of b.
13
Let v be 24/(-16) - 6/(-4). Suppose v = 4*x - x. What are the prime factors of (x - -1)*(0 - -11)?
11
Suppose 9*h - 7*h = 344. List the prime factors of h.
2, 43
Let m(j) = 6*j**2 + 3*j - 6. Let i be m(2). Let g = 1 - -5. Suppose -i - g = -3*o. What are the prime factors of o?
2, 5
Let z(q) = q**3 - 7*q**2 - 13*q + 12. Let u be z(8). What are the prime factors of 4/14 - 328/u?
2, 3
Suppose 0 = 2*s - 2*f - 414, 411 + 392 = 4*s + f. List the prime factors of s.
2, 101
Let d(r) = -r**3 + 6*r**2 - 3*r + 3. List the prime factors of d(3).
3, 7
Suppose -5*h + 373 = -u - 436, 4*h + 4*u = 652. List the prime factors of h.
2, 3
Suppose 5*w - 31 + 3 = -3*i, 2*i = -3*w + 16. Suppose v + 4 = 0, -k + v = 3*k - w. What are the prime factors of ((-4)/2 - -10) + k?
3
Let n = 8 - 8. Suppose -j + 2*j = n. Suppose -r + j*r = -11. What are the prime factors of r?
11
Let x = 191 - 120. Let i = x + -43. List the prime factors of i.
2, 7
Suppose -5*p = -4*n + 395, 5*n + 2*p + 261 = 763. What are the prime factors of n?
2, 5
Let x be (-16)/8*-1*1. Suppose 2*a - x = 0, a + 95 = 6*w - 3*w. List the prime factors of w.
2
Suppose 4*i - 2 = 5*i. What are the prime factors of (1*i)/((-18)/297)?
3, 11
Let m(q) = -2*q**2 + 6. Let l be m(6). Let h be (-62)/(-22) - 12/l. Suppose 0*y = h*y - 15. What are the prime factors of y?
5
Let q be 4 - (6/(-1))/(-3). List the prime factors of 133/7 - 0/q.
19
Let w(q) be the second derivative of q**5/30 - q**4/8 - q**2 - 2*q. Let v(d) be the first derivative of w(d). List the prime factors of v(4).
2, 5
Let a(b) = b**2 + 4*b - 5. Let q be a(-6). Suppose 3*m = 1 - q. List the prime factors of (0 - 0) + 12 + m.
2, 5
Let o(v) = 9*v - 3. Let y(c) = c. Let l(f) = o(f) - 4*y(f). List the prime factors of l(2).
7
Let n be 72 + (-2 - -2) + -1. Suppose 0 = 3*a + 2*i - n, 2*i - 133 = -5*a + 6*i. What are the prime factors of a?
5
Suppose -12 = -2*r + 8. Let p be 46/10 + (-6)/r. Suppose 5*g - p*g = 19. List the prime factors of g.
19
Let u = 4 - 7. Let g(f) = -f**2 - 6*f - 4. Let r be g(u). Suppose 3*v = -9, 3*v - 4*v = -r*w + 98. List the prime factors of w.
19
Let t(r) = -r**2 + 9*r + 4. Let j be t(9). Suppose -3*k - 2*k + 10 = 5*w, 5*k + j*w - 7 = 0. List the prime factors of (-183)/(-15) - k/(-5).
2, 3
Let t(k) = k**2 + 11*k + 16. What are the prime factors of t(-11)?
2
Let x(w) = w**2 + 3*w + 2. Let f be -6 + (-2)/(-1 - 1). Let d(m) = 2*m + 5. Let l be d(f). List the prime factors of x(l).
2, 3
Let q(r) = 8*r + 2. List the prime factors of q(3).
2, 13
Suppose -10 = 2*g + 2*c + 10, -4*c = 3*g + 25. What are the prime factors of g/9*(-15 + 0)?
5
What are the prime factors of (24/20)/(6/20)?
2
Let o = 0 + -5. Let l be (-2)/5 + (-2)/o. Let y(b) = b + 6. List the prime factors of y(l).
2, 3
Let w(r) = -r**2 - 8*r. Let y be w(-8). List the prime factors of 4*1 + y/(-7).
2
Suppose 0 = -3*r - 6 - 3. Let t be (-8)/((2 + -1)*-1). Let f = t + r. List the prime factors of f.
5
Let i(g) = -g - 4. Let s(v) = 2*v + 6. Let z(b) = 8*i(b) + 5*s(b). Let l(n) = n**3 + 5*n**2 - 7*n - 1. Let r be l(-6). What are the prime factors of z(r)?
2
Suppose 110 = -4*r - 2*x, 6*r + 4*x + 142 = r. Let h = 47 + r. What are the prime factors of h?
3, 7
Let o(m) = -1. Let c(q) = 2*q + 11 - 5 - 10. Let f(n) = c(n) + o(n). List the prime factors of f(5).
5
Let u = 30 + -5. Let h = u + -1. Suppose g - h = -3*g. List the prime factors of g.
2, 3
Let y be ((-21)/(-35))/((-2)/(-130)). Suppose 4*n - y = 45. List the prime factors of n.
3, 7
Suppose -5*j - 3*r + r = -18, -5*r = 3*j - 7. Suppose -2*h = j*k - 16, 4*k + 4*h - 9 = 3. List the prime factors of k.
5
Let x = -3 - -5. Suppose 6 + 4 = -y + 3*q, -q + 15 = x*y. What are the prime factors of y?
5
Suppose -l - 2*p + 409 = 81, 2*l - 662 = 2*p. List the prime factors of l.
2, 3, 5, 11
Let z(t) = 12*t**2. Let o(r) = -r**3 - 3*r**2 + 3*r. Let j be o(-4). Suppose 0 = j*x - 3*h + 1 + 7, -3*x + h - 1 = 0. What are the prime factors of z(x)?
2, 3
Let q(g) be the first derivative of g**2/2 + 15*g - 2. What are the prime factors of q(0)?
3, 5
Suppose -2*a - 4 - 4 = 2*v, 8 = -3*a - 2*v. Suppose 4*p + a = 12. What are the prime factors of p?
3
Suppose 2*d - 48 = 374. List the prime factors of d.
211
Let u(z) = 30*z**3 - 2 + 5*z**2 - 6*z - 29*z**3 - z**2. Let y be u(-5). List the prime factors of (-6)/9 - (-53)/y.
17
Let o(a) = -a**2 + 11*a + 6. Let d be o(9). Suppose -4*g = -2*i - 58, -g - 2*i - d = -3*g. List the prime factors of g.
17
Let o = -6 + 2. Let r be o/18 - (-20)/9. List the prime factors of r/(-3) - 28/(-6).
2
Let j(r) = -r**3 - 10*r**2 + r + 6. Let z be j(-10). Let q = z - -8. List the prime factors of q.
2
Let y(c) be the first derivative of -c**2/2 - 6*c + 2. Suppose -8 = -f + 2*f. What are the prime factors of y(f)?
2
Suppose t + 6*j = 2*j - 14, -5*t - 2*j = -2. Suppose -2*w = -3*v - 5, 0 = -2*w - t*v + 7*v + 3. What are the prime factors of w?
2
Let z be 1*9/(-15)*-5. Suppose -7*u + 2*u + 153 = 4*w, 4*u = z*w - 76. Suppose -w + 107 = 5*a. What are the prime factors of a?
3, 5
Let n(s) = s**2 + 1. Let z be n(4). Let p = z + 0. List the prime factors of p.
17
Suppose -28 = d - 79. List the prime factors of d.
3, 17
Suppose -5*o = 3*h - 64, -2*o = -4*h + 2*o + 64. Suppose -2*l - 234 = -4*z, 0 = 5*z - l - h - 270. List the prime factors of z.
3, 19
Let g(m) = -5*m - 9*m + 10*m - 6*m. What are the prime factors of g(-2)?
2, 5
Let l be (2/(-5))/((-1)/(-5)). Let f(m) = m**2 + m. List the prime factors of f(l).
2
Let n(w) = -w**2 - 56. Let v be n(0). Let z = -35 - v. List the prime factors of z.
3, 7
Let j(d) = d - 19. Let x be j(11). Let m(w) = -w + 4. What are the prime factors of m(x)?
2, 3
Suppose 2*a - 60 = -5*x + 34, 4*x + 8 = 0. List the prime factors of a.
2, 13
Let a(n) = 4*n. Let u be a(1). Suppose -3*t = 5*o - 4 - 32, 8 = u*t. What are the prime factors of o?
2, 3
Let w(v) = v**3 + 8*v**2 + 8*v - 9. What are the prime factors of w(-5)?
2, 13
Let g(v) = v**3 - 12*v**2 + 3*v + 4. What are the prime factors of g(12)?
2, 5
Let g(z) = -z**3 + z + 1. Let d(f) = -3*f**3 + 9*f**2 + 12*f + 1. Let t(h) = -d(h) + 4*g(h). Suppose 0 = 2*a - 3 + 19. What are the prime factors of t(a)?
3
Let o = 26 - 44. Let y = -7 - o. List the prime factors of y.
11
Suppose -3*z - 3*z + 546 = 0. What are the prime factors of z?
7, 13
Let c(x) = -4 + 1 - 3*x + 2*x. Let g be c(-6). Suppose 5*o - 7*q + g*q = 35, -14 = -2*o + 5*q. List the prime factors of o.
7
What are the prime factors of (-888)/(-6)*(-1)/(-4)?
37
Suppose -4*f + 2*f + 12 = 0. What are the prime factors of ((-3)/f)/(1/(-18))?
3
Suppose 0 = -5*m + 16 + 24. Suppose 0 = m*o - 4*o - 12. List the prime factors of (28/4)/(o - 2).
7
List the prime factors of -2*2 - (-10 + -7).
13
Suppose 4*j - 5*z - 12 = -4*z, -3*z = 3*j - 9. Suppose -2*n + 2*w + 46 = 0, -95 = -2*n - 2*n + j*w. Let x = n - 17. List the prime factors of x.
3
Suppose 4*f + 6 = b, 2*f + 8 = 2*b - 4*b. List the prime factors of b*26/(-4) - -2.
3, 5
Let a = 37 - -66. What are the prime factors of a?
103
Suppose -4*a + 288 = 4*d, -2*a - d + 183 - 38 = 0. List the prime factors of a.
73
Let d = 16 + -14. Suppose -3*u - 33 = -3*y, d*y + 3*u + 0 - 2 = 0. What are the prime factors of y?
7
Suppose -204 = -4*c - 2*c. List the prime factors of c.
2, 17
Suppose 5*l = l - 8. What are the prime factors of l/(-3) - 76/(-12)?